what is -23 - 131?
-154
In base 15, what is 5 + 3c5?
3ca
In base 12, what is 265a + 1?
265b
In base 8, what is 3 - -70?
73
In base 8, what is -2724 - 2?
-2726
In base 13, what is 4 - -4c?
53
In base 15, what is -98 + a?
-8d
In base 4, what is -31122 + 11?
-31111
In base 4, what is 103 + 21321?
22030
In base 10, what is -633 + 3?
-630
In base 7, what is -204 - -52?
-122
In base 2, what is 1011100 + -1?
1011011
In base 4, what is -13 + -2?
-21
In base 2, what is 110 - -10111?
11101
In base 4, what is -2 + -101?
-103
In base 6, what is -2 - 45?
-51
In base 12, what is -85 + -38?
-101
In base 4, what is -1003 - 2003?
-3012
In base 3, what is -121 - 21100?
-21221
In base 7, what is -564 + 26?
-535
In base 16, what is -4 + 199?
195
In base 6, what is 2121 + -1?
2120
In base 3, what is 2 - 110?
-101
In base 10, what is -29 - 98?
-127
In base 9, what is -2 - 116?
-118
In base 16, what is -3 - 20?
-23
In base 13, what is 1c - 0?
1c
In base 14, what is -386 + -16?
-39c
In base 5, what is -242 - -110?
-132
In base 10, what is 1 + 83?
84
In base 3, what is 1 - -212?
220
In base 14, what is -2 + 64?
62
In base 4, what is -31 + 32?
1
In base 10, what is 706 - 0?
706
In base 6, what is 5 - -2135?
2144
In base 9, what is 1175 - -5?
1181
In base 14, what is -1a1 + 4?
-19b
In base 10, what is -3422 + -4?
-3426
In base 15, what is 1747 - 1?
1746
In base 2, what is 101 + 110100?
111001
In base 5, what is 1 - 1102?
-1101
In base 15, what is -b98 - 5?
-b9d
In base 14, what is 3 + b8?
bb
In base 3, what is 21 - 1212?
-1121
In base 4, what is 11 - -203020?
203031
In base 16, what is -f80 - -5?
-f7b
In base 14, what is 2 - -41?
43
In base 7, what is 666 - -25?
1024
In base 13, what is 0 + -b4?
-b4
In base 10, what is 22 + -9?
13
In base 14, what is 3 + 7d?
82
In base 8, what is -5 + 1?
-4
In base 9, what is -3 - 522?
-525
In base 16, what is -765 + -5?
-76a
In base 13, what is 4 + 18c?
193
In base 13, what is -6 + -54?
-5a
In base 3, what is 11 - -1200?
1211
In base 13, what is 86a - -8?
875
In base 3, what is 22002122 - -11?
22002210
In base 15, what is -45e3 + -4?
-45e7
In base 9, what is -3 - 48?
-52
In base 2, what is 110111 - 1011?
101100
In base 7, what is 1546 - -20?
1566
In base 7, what is -3 - 100?
-103
In base 9, what is -33 + 77?
44
In base 11, what is -198 - 4?
-1a1
In base 15, what is 0 + -19?
-19
In base 8, what is 35 + 2?
37
In base 5, what is -324 - -4?
-320
In base 9, what is -174 - 21?
-205
In base 6, what is -1141 - -5?
-1132
In base 2, what is 10 + 1100010?
1100100
In base 10, what is -181 + -13?
-194
In base 10, what is 0 + -2691?
-2691
In base 4, what is -3011201 + 2?
-3011133
In base 2, what is -1 + 11010010?
11010001
In base 16, what is 20 + 221?
241
In base 9, what is 14536 - 2?
14534
In base 9, what is 1 + -1001?
-1000
In base 6, what is 4 + 45?
53
In base 7, what is -231116 - 4?
-231123
In base 12, what is -147 - 0?
-147
In base 4, what is -13 + 103?
30
In base 6, what is -10344 + -3?
-10351
In base 14, what is d6 + -2c?
a8
In base 4, what is -33 - 230?
-323
In base 8, what is 253 - 172?
61
In base 12, what is 2470 - 5?
2467
In base 2, what is 11 - 100011010?
-100010111
In base 15, what is -78d - -1?
-78c
In base 10, what is 20 - -40?
60
In base 4, what is -10 - -311?
301
In base 8, what is -135 - -5?
-130
In base 8, what is 2 + 272?
274
In base 2, what is -10001101 + -10?
-10001111
In base 6, what is -2 + 115?
113
In base 2, what is 1001 - 10110010?
-10101001
In base 12, what is 5 + -5?
0
In base 9, what is 18 - -401?
420
In base 6, what is 3 + -54?
-51
In base 2, what is 10111110 + 11?
11000001
In base 5, what is -241 + 124?
-112
In base 8, what is -3 - 700?
-703
In base 3, what is -121 - 201?
-1022
In base 15, what is 0 + 25?
25
In base 6, what is 2 - 34?
-32
In base 13, what is -29c - 0?
-29c
In base 4, what is 2 - -1012?
1020
In base 7, what is -4 - -430?
423
In base 16, what is -4 + b2a?
b26
In base 6, what is 0 + 33?
33
In base 3, what is -11021 + 11?
-11010
In base 11, what is -44 - -18?
-27
In base 12, what is 126 + -3?
123
In base 3, what is 1211 - 10122?
-1211
In base 4, what is 2323 - 3?
2320
In base 13, what is 27 + -185?
-15b
In base 7, what is 1 + 132?
133
In base 9, what is -26 - 4?
-31
In base 2, what is -1001100011101 - 100?
-1001100100001
In base 15, what is 949c + -3?
9499
In base 15, what is 274 - 0?
274
In base 15, what is 2b + -13?
18
In base 3, what is -2 + -1220?
-1222
In base 7, what is 4 - -125?
132
In base 3, what is -21000 - 10?
-21010
In base 15, what is 4 - -60?
64
In base 14, what is 5 + 33?
38
In base 6, what is 13254 + 4?
13302
In base 12, what is -9 + -13?
-20
In base 2, what is -10 - -11110011111?
11110011101
In base 8, what is -2 - -1534?
1532
In base 6, what is -1 - -5241?
5240
In base 9, what is -4 + -64?
-68
In base 10, what is 14210 - -1?
14211
In base 2, what is -111111 + 1?
-111110
In base 5, what is -10 - -414?
404
In base 4, what is 3 - 21022?
-21013
In base 10, what is 77 + 47?
124
In base 12, what is -3 + 1208?
1205
In base 13, what is 18 + 5?
20
In base 4, what is 1201 + 10?
1211
In base 6, what is 0 - 44?
-44
In base 14, what is 2 + 0?
2
In base 16, what is 2e0 - -3?
2e3
In base 4, what is -3031 - -3?
-3022
In base 5, what is 441 + 4?
1000
In base 2, what is 1 + 1010111100?
1010111101
In base 10, what is -3 - 2499?
-2502
In base 14, what is -98 - -14?
-84
In base 13, what is -1673 + -2?
-1675
In base 13, what is -282 + 4?
-27b
In base 14, what is 6 - 15?
-d
In base 12, what is -1 + 93b?
93a
In base 4, what is 100 - 220?
-120
In base 15, what is -4 - -9a?
96
In base 6, what is -2 + 104?
102
In base 5, what is -3 - 2401?
-2404
In base 2, what is -1101101011 - 100?
-1101101111
In base 8, what is -6330 + -1?
-6331
In base 12, what is 1 - -33?
34
In base 13, what is 56 + 4?
5a
In base 7, what is -2 + 4?
2
In base 16, what is 3bfc + -4?
3bf8
In base 14, what is -2d + 55?
26
In base 14, what is -c - b?
-19
In base 9, what is 6560 + -5?
6554
In base 11, what is -716 - -2?
-714
In base 2, what is 111111000 + 100?
111111100
In base 14, what is 1c + -2ba?
-29c
In base 8, what is -3 - 4474?
-4477
In base 14, what is -2 + -1216?
-1218
In base 15, what is 6 - -52b?
532
In base 3, what is -1 - -121002?
121001
In base 16, what is 3 + 1aae?
1ab1
In base 16, what is da + -4?
d6
In base 3, what is 102202 - 10?
102122
In base 5, what is 410000 + 10?
410010
In base 6, what is 3 - -1201?
1204
In base 16, what is 3 - 29?
-26
In base 2, what is -11 - -1010010?
1001111
In base 12, what is 2 - 63a?
-638
In base 4, what is -2212133 - 2?
-2212201
In base 15, what is -255e + -1?
-2560
In base 13, what is -86 + 5?
-81
In base 15, what is -2 - 3c?
-3e
In base 4, what is 0 + -1331322?
-1331322
In base 2, what is 1001101101 + -10?
1001101011
In base 3, what is -12 - -2010?
1221
In base 6, what is -2 - 2154?
-2200
In base 4, what is 10 + -1130?
-1120
In base 11, what is 12 - -8?
1a
In base 4, what is -202 - 1032?
-1300
In base 12, what is -58 + 179?
121
In base 5, what is 120 - 3?
112
In base 10, what is 189 - -4?
193
In base 15, what is -25e - 4?
-263
In base 3, what is 10201 + -11?
10120
In base 9, what is 22 + 5?
27
In base 10, what is 1 - -6?
7
In base 7, what is -2 + 6121?
6116
In base 2, what is -10 - 110011?
-110101
In base 4, what is -220 - 200?
-1020
In base 10, what is 1 + -90?
-89
In base 3, what is 22 - -1021001?
1021100
In base 2, what is 111111100110 + -100?
111111100010
In base 6, what is 1435 - -1?
1440
In base 4, what is 1311 - 2?
1303
In base 12, what is -375 + 1?
-374
In base 15, what is 8 - de?
-d6
In base 3, what is -10 - 210001?
-210011
In base 9, what is -16 - 50?
-66
In base 13, what is 2 + 27?
29
In base 2, what is -110 - 100110110011?
-100110111001
In base 16, what is 2 + 467?
469
In base 5, what is -42414 + -4?
-42423
In base 6, what is 1 - -4?
5
In base 14, what is 118 - -52?
16a
In base 13, what is 2 + -26c?
-26a
In base 11, what is 2a3 + 4?
2a7
In base 12, what is 55 - -3?
58
In base 9, what is 1 + -76?
-75
In base 7, what is -236 - 4?
-243
In base 5, what is -123221 + 4?
-123212
In base 10, what is 982 - 3?
979
In base 6, what is 1 - -1220?
1221
In base 12, what is 1315 - -4?
1319
In base 11, what is -2 - 1395?
-1397
In base 15, what is -11 - c?
-1d
In base 9, what is -18243 + 1?
-18242
In b